 -i = 3*p - 13. Suppose -2*k + a - 2*a + 125 = 0, -3*k + 195 = p*a. What is the units digit of k?
0
Suppose -3*n = 4*q - 7*q + 15, n + 2*q + 14 = 0. What is the hundreds digit of (112 - n)*(-42)/(-8)?
6
Let a(m) be the third derivative of 37*m**4/6 + 2*m**3/3 + m**2 - 2*m. What is the units digit of a(2)?
0
What is the hundreds digit of (174/203 + 2617/(-7))/((-1)/12)?
4
Let z be (20/15)/(2/57). Let l = -36 + z. Suppose l*r = -5*y + 51, -5*y = -y + 3*r - 38. What is the tens digit of y?
1
Suppose -4*y - 5*f + 24 = 4, -3*f = -2*y - 12. Let t(l) = l**2 + 75. Let c be t(y). Let j = c - 11. What is the units digit of j?
4
Suppose 2*t + 196 = -100. Let n = t + 541. What is the tens digit of n?
9
Let f be 1*(0 - -1)*119. Let a = -1273 - -1307. Let u = f - a. What is the units digit of u?
5
Suppose -35*w - 10*w = -9*w - 205416. What is the units digit of w?
6
Let o(h) = -h**2 + 4*h + 5. Let i be o(4). Suppose -1816 = -i*m - 691. What is the units digit of m?
5
Suppose -4*k - 4707 = -1811. Let z = 1958 + k. What is the tens digit of z?
3
Let a(w) = -250*w - 1904. What is the tens digit of a(-9)?
4
Suppose -8*k + 16 = -7*k. Suppose -18*r + k*r = -4. What is the units digit of -11*(-3 - r*(2 - -1))?
9
Suppose -4*k = 4*r - 230040, 0 = 2*r - 56*k + 51*k - 115027. What is the ten thousands digit of r?
5
Suppose -4*w + 2*z = 110, w + 4*w + z + 155 = 0. Let f = w - 8. What is the units digit of f*(-4)/((-24)/(-15))?
5
Let j = 422 - 420. What is the tens digit of (j*822/(-4))/(27/(-45))?
8
Let h = 40068 - 16246. What is the tens digit of h?
2
Let r(x) be the third derivative of -x**5/30 - 3*x**4/4 - x**3/3 - 8*x**2. Let f be r(-9). What is the units digit of 1/f + -3 + (-357)/(-6)?
6
Suppose -5*m = -2*u - 119517, 5*m - 117*u - 119481 = -121*u. What is the thousands digit of m?
3
Let c(z) = z**2 + 32*z + 15. Let j be c(-35). What is the tens digit of j/45*615/2?
2
Let n be -5 - 0*(-3)/(-15). Let a = n + 11. Suppose a*b = -3*b + 1350. What is the units digit of b?
0
Suppose -3*b = 4*f - 155140, 77576 = 2*f - 8*b + 11*b. What is the tens digit of f?
8
Let j = -9484 + 15221. What is the hundreds digit of j?
7
Let n = 49 + -34. Suppose -3*x + 1212 = 3*b - 6*x, 0 = -5*x + n. Suppose 0 = -10*j + b + 443. What is the units digit of j?
5
Let g(y) = 123*y**2 + 6*y - 435. What is the units digit of g(8)?
5
Let s(g) = -109*g - 742. What is the thousands digit of s(-16)?
1
Let t be (-16 - -5)*(-78)/143. What is the tens digit of -3*3141/81*-2*t?
9
Suppose 7*z = -23 + 2. Let i be -744*((-3 - z) + 6/9). What is the tens digit of (i/10)/(24/(-60))?
2
Suppose -2*k + 3647 = -z, -k + 2*k + 4*z - 1819 = 0. What is the tens digit of k?
2
Suppose 12*y = 16*y - 2*o - 84266, 2*y + o = 42147. What is the units digit of y?
0
Suppose -5*d + 7 = 4*s, 10 = 15*s - 20*s. Suppose 1690 = 5*r - d*w, -2*w = -5*r + 1367 + 318. What is the units digit of r?
5
Let z(c) = -39*c - 67. Let a(p) = -79*p - 132. Let v(g) = -3*a(g) + 7*z(g). What is the hundreds digit of v(-11)?
3
Let a(n) = 2*n**2 - 2*n. Let u be a(1). Suppose -w + 5 - 1 = u. What is the units digit of (w/(-7))/(2/(-77))?
2
Let p be ((-10)/(-4) + 4)*-2. What is the hundreds digit of p/(-4)*192/2?
3
Suppose 0 = 2*z - 10, -10*z + 25 = -5*w - 5*z. Suppose x - 1320 = -4*h + 5*x, 5*h + 4*x - 1695 = w. What is the hundreds digit of h?
3
Suppose 1208108 = 12*z + 145*z - 4052177. What is the tens digit of z?
0
Let y = 118 + -101. Let d(p) = p**2 - 6*p - 6. Let b be d(-10). Let a = b - y. What is the units digit of a?
7
Suppose -9*l = -17732 - 3643. Suppose -953 = -2*p - 3*t, 23*p + 5*t - l = 18*p. What is the units digit of p?
2
What is the units digit of ((-18)/(-144) - 35090/(-16))/((-19)/(-76))?
3
Let o = -1010 - -8286. What is the thousands digit of o?
7
What is the thousands digit of (11261484/(-48))/(-13) + 1/(-4)?
8
Let z = 1004 + -2497. What is the thousands digit of (-2 + 2)/(-4 - -3) - z?
1
Let f be (3/(-5))/(-2 - 649/(-330)). Suppose 0 = -9*s - f*s + 4995. What is the hundreds digit of s?
1
Let n be (-1)/(1/20 - (-1)/(-4)). Suppose -5*t + 1061 = n*g + 111, 4*t = 4*g + 744. Let r = t - 39. What is the tens digit of r?
4
Let j(y) = 14*y**3 - 13*y**2 + 7*y + 445. What is the tens digit of j(12)?
4
Suppose -2*g - 5*h = -9, 4*h - 14 = -4*g - g. Suppose 3*v = -4*z + 1523, -z + 992 = g*v - 3*z. What is the hundreds digit of v?
5
Let x(r) = -11*r + 22. Let f(j) = 4*j**2 + 2*j - 1. Let q be f(1). Suppose -3*b + 2*c = 18, -4*c + 1 = -b + q. What is the units digit of x(b)?
0
Suppose 3490*f - 649880 = 3476*f. What is the thousands digit of f?
6
Let j = -47894 + 117739. What is the ten thousands digit of j?
6
Suppose 2*j - 6 = -3*i, -3*j + 8 = i - 1. Suppose -q - j = -2*q. What is the hundreds digit of -4*q*(-49)/4?
1
Let o be (-3 + (-60)/(-28))/((-4)/28). Let h(r) = -r**3 + 10*r**2 - 10*r + 19. Let d be h(o). Let w = d - 76. What is the tens digit of w?
2
Let w(p) = p**3 - 11*p**2 + 31*p + 6. Let c be w(5). Let q(f) = 6*f**2 + 4*f - 31. What is the hundreds digit of q(c)?
7
Suppose -1623 = n - h, -h = 2*n - 0*h + 3258. Let t = 2746 + n. What is the tens digit of t?
1
Suppose -6*a - 14*a + a = -7790. What is the tens digit of a?
1
Let s(j) = j**2 - 10*j + 4. Let t be s(0). Suppose -5*a + 3*a + 602 = -5*w, t*w = -2*a + 584. What is the hundreds digit of a?
2
Suppose 0 = -5*w - 5*k + 43170, -12*k + 7*k - 25942 = -3*w. Suppose 0 = 10*l + 1009 - w. What is the units digit of l?
3
Let l = -40 - -34. Let a be (l + 5)*(0 - 0). Suppose a = o - n - 209, 3*o - 2*n - 588 = 41. What is the units digit of o?
1
Let n(w) = w**2 + 2*w + 9. Let f = -28 + 92. Let z = f - 70. What is the tens digit of n(z)?
3
Suppose 0 = -6*p - 24*p + 15120. Suppose -4*c = 3*z - 3481, -4*c = 4*z - 3980 + p. What is the tens digit of c?
7
Suppose 3 = 2*b - 1. Suppose 2*y - 764 - 296 = -b*h, 0 = -4*y + h + 2140. What is the units digit of y?
4
Let h = 110 - 110. Suppose 4*f + 2*f + 2448 = h. Let i = 594 + f. What is the tens digit of i?
8
Let p(d) = -14 + 24 - 4*d + 3*d - 13. Let q be p(-6). Suppose -246 = -q*i + 45. What is the units digit of i?
7
Let s(z) = -182*z - 1495. What is the hundreds digit of s(-47)?
0
Let p = 76 + -40. Suppose 5*m + 4*x - p = 0, -3*m - x + 39 = 2*m. What is the units digit of 4 + 846/m + 3/12?
0
Let x = -8 + 10. Let d = 286 + -283. Suppose 4*u + 148 = h, -3*u = d*h - x*h - 113. What is the hundreds digit of h?
1
Suppose 0 = -31*z - 4 + 66. Suppose -4*t - 549 + 205 = -z*g, 676 = 4*g + 4*t. What is the hundreds digit of g?
1
Let r(a) be the second derivative of 4/3*a**3 + 0 - 20*a**2 - 21*a. What is the tens digit of r(13)?
6
Let r(j) = 17*j**3 + j**2 - 2. Let w(y) = -2*y - 8. Suppose -5*t + 1 = 11, c = -t - 7. Let k be w(c). What is the hundreds digit of r(k)?
1
Let q be 10*(64/5 + -2). Suppose -8*d + 4*d - q = 0. Let j = -17 - d. What is the tens digit of j?
1
Let r = 13310 + 14953. What is the tens digit of r?
6
What is the units digit of (225/20)/((-27)/(-17532))?
5
Suppose 0 = 7*i + 188 + 64. Let l = i + 33. What is the tens digit of -1*((-6 - l) + -48)?
5
Let c(o) = 0*o**3 - 3*o**2 - 17 - 5*o**3 + 11*o**3 - 5*o**3 + 19*o. Let s be c(7). Let w = s - 160. What is the hundreds digit of w?
1
Let j = 9768 - 2216. What is the hundreds digit of j?
5
Let m(s) = 18*s**2 + 98*s - 42. What is the units digit of m(-11)?
8
Let x(k) = k**3 + 9*k**2 - 3*k - 1. Let w be x(-8). Let d = w - 87. Suppose -2*i - 2*m + 338 = d, 4*i = 9*i - 2*m - 831. What is the tens digit of i?
6
Suppose -6*y - x = -4*y - 32, 4*y - 3*x = 64. Suppose -y*z + 1624 = -168. What is the hundreds digit of z?
1
Suppose -1438 = 26*n - 60. Suppose -5 = -5*s - 25. Let b = s - n. What is the tens digit of b?
4
Let m = 1645 + -1388. What is the units digit of m?
7
Let l = -10045 + 16503. What is the tens digit of l?
5
Let h(x) = -10*x**2 - 505*x + 480*x - 17*x**2 + x**3 + 24. What is the units digit of h(28)?
8
Suppose -4*i + 102984 = -r - 68091, -4*r - 213852 = -5*i. What is the tens digit of i?
6
Let w = 88 - -117. Let r = w - 75. Suppose -2*g + r = -g. What is the tens digit of g?
3
Let s(l) = 2*l - 20. Let f be s(11). Suppose 0 = 5*y - 5*n - 30, -y + f*n + 3 = -7. Suppose 2*i - y*p + 154 = 3*i, -i = 3*p - 158. What is the tens digit of i?
4
Suppose 3*v = -4*p + 17292, 1294*p = -2*v + 1290*p